units digit of j?
1
Let r be (4 - 0)/(-8)*-4. Suppose r*y + 46 - 566 = 0. What is the units digit of y?
0
Suppose 28 = 2*l - 4*c, 3*c = 4*l - 30 - 6. Suppose 3*y + 24 = l*y. What is the units digit of y?
8
Let d(t) = -4*t**3 + 34*t**2 - 2*t + 2. Let k be d(8). Let n = 0 - 0. Suppose -2*y - y + k = n. What is the units digit of y?
8
Suppose -4*k - 2*v + 45 + 53 = 0, 5*k - 4*v - 103 = 0. Let m = -65 + k. Let y = -22 - m. What is the tens digit of y?
2
Suppose 3*d = 2*d - 91. Let q = 130 + d. What is the tens digit of q?
3
Let w(g) = 3*g - 89. Let y(n) = 4*n - 134. Let x(l) = 7*w(l) - 5*y(l). What is the tens digit of x(19)?
6
Let w(t) = -67*t - 10. What is the tens digit of w(-4)?
5
Suppose 11*m - 945 = 10*m. What is the tens digit of m?
4
Let g = 22 - 18. Suppose g*p + 0 = 4. What is the tens digit of 36 + p + 2/1?
3
Let f = 124 - 216. Let w = f - -226. What is the tens digit of w?
3
Let f(d) = -645*d**3 + 2*d**2 - d - 1. What is the tens digit of f(-1)?
4
Suppose 4*b - 24 = -5*v, 2*b + 15 = 2*v - 9. Suppose 5*g - 3*g - v = 0. Suppose -t = -32 + g. What is the tens digit of t?
2
Suppose 3*p = 6*p + 27. Let i(m) = -m**3 - 8*m**2 + 7*m - 2. Let a be i(p). Suppose a + 2 = 3*v - 3*t, -4*t = 4*v - 16. What is the units digit of v?
5
Let z(x) = 225*x + 406. What is the hundreds digit of z(14)?
5
Let i(o) = -2*o**3 - 2*o**2 + o + 4. Let f = 26 + -14. Let r = f - 15. What is the units digit of i(r)?
7
Suppose -2*i + 2 = -8. Suppose i*a + u - 431 - 324 = 0, -3*a + 470 = 4*u. What is the units digit of a?
0
Let k = -315 - -1502. Suppose -233 + k = 9*l. What is the units digit of l?
6
Let q = -227 + 462. What is the tens digit of q?
3
Suppose -4*w = 3*f - 0*f - 888, 0 = -5*w - 4*f + 1111. What is the units digit of w?
9
Let r(i) = 0*i + 10*i**2 + 4*i + 0*i**2 - 7*i**2 - 8. Let x be r(4). What is the units digit of (12/(-1))/(-4) + x?
9
Let w = 3167 + -1304. What is the units digit of w?
3
Suppose -4*x = -4099 + 731. What is the tens digit of x?
4
Let z be (-1)/4 - 196/(-16). Let f be ((-90)/(-27))/(2/z). Suppose -f + 0 = -5*g. What is the units digit of g?
4
Let i = -140 + 122. What is the hundreds digit of ((-2)/(-4) + 27/i)*-258?
2
Suppose 3*v - 5*z - 232 = -3*z, -2*z + 80 = v. What is the hundreds digit of (v - 1)*300/210?
1
Let n(j) = 19*j + 10. What is the hundreds digit of n(27)?
5
Suppose 7*j - 3*r = 33926, 2*r - 1822 = j - 6667. What is the thousands digit of j?
4
Suppose -t + 9*l - 4*l + 87 = 0, -310 = -4*t + l. Suppose 5*r = -0*r + 5*a + 385, r - 2*a - t = 0. What is the tens digit of r?
7
Let b(i) = -i - 4 + 13*i - 16 + 4. What is the tens digit of b(10)?
0
Suppose -12*f - 1353 + 27213 = 0. What is the hundreds digit of f?
1
Suppose 296 = -m + 2*m - 3*l, -3*l = 5*m - 1390. What is the units digit of m?
1
Let s(p) = -p**3 - 14*p**2 - 17*p - 7. Let g be s(-13). Suppose -4 = 2*l + 26. Let w = g + l. What is the units digit of w?
0
Suppose 27*c + 5*r = 25*c + 2488, 0 = -2*c + 5*r + 2448. What is the tens digit of c?
3
Suppose -2*b = -b. Let n(u) = u**2 + 6*u - 5. Let x be n(-7). Suppose -x*z = -b*z - 38. What is the units digit of z?
9
Let u(v) = 8*v - 8. Suppose -5*g + 29 + 21 = 0. Let d(b) = 25*b - 25. Let z(x) = g*u(x) - 3*d(x). What is the units digit of z(4)?
5
What is the units digit of (-20)/(-30) - 2793/(-9)?
1
What is the units digit of 2916 + (3 + 1 - 3 - -5)?
2
Let x be 3 - 5*(-2 - 348/10). Let s = -100 + x. What is the tens digit of s?
8
Let q(l) = -111*l - 206. What is the tens digit of q(-8)?
8
Let h = 19 - 58. Let j = -8 - h. Let m = 57 - j. What is the units digit of m?
6
Let l(i) = 67*i**2 + 122*i - 747. What is the tens digit of l(6)?
9
Suppose 3*q + 81 = -15. Let l = 119 + q. What is the tens digit of l?
8
Let m(h) = 264*h + 3. What is the tens digit of m(1)?
6
Let f(z) = -z + 8. Let l be f(6). Suppose l*n = -2*p + 212, 7*n = 4*p + 2*n - 442. Suppose -4*g + 12 + p = 0. What is the units digit of g?
0
Let a(d) = -d**3 - 12*d**2 - 3. Let h = 28 - 40. Let v be a(h). What is the units digit of 3/(-9) - 178/v?
9
Let v be 173/5 + (-14)/(-35). Suppose -v + 110 = 5*a + 5*s, a = 2*s. Suppose -3*f + 31 - a = 0. What is the units digit of f?
7
Suppose 4*b + 73 = 5*h - 0, 2*h - 30 = 2*b. Let i = h - 4. What is the units digit of i?
9
Let g(h) be the third derivative of 7*h**4/12 - h**3/3 + h**2. Suppose 0 = 3*o - 10*o + 14. What is the tens digit of g(o)?
2
Suppose 3*k - 9 = 2*k - 3*n, 0 = -4*k - n + 47. Suppose -2*t = 2*t - k. Suppose -17 = -t*p + 28. What is the tens digit of p?
1
Let q be (-4)/8*(-161 + -3). Let y = q + -17. What is the units digit of y?
5
Suppose 123*c + 1210 = 133*c. What is the tens digit of c?
2
What is the tens digit of 22158/9*(-4)/(-8)?
3
Let f be -10*(3 - 62/4). Let b = -32 + f. What is the tens digit of b?
9
Suppose 4*p = 7*p - 672. Suppose -4*c - p = 4*t, -3*c - 168 = -3*t + 4*t. Let q = c + 105. What is the units digit of q?
9
Suppose 0 = -6*q + 4738 + 6788. What is the hundreds digit of q?
9
Suppose 0 = 3*b + 5*n - 27, -3*n + 2 - 1 = -2*b. Suppose -v - 116 = -2*v - 5*j, -5*v = -b*j - 493. What is the tens digit of v?
0
Let t(h) = 603*h**2 - 12*h + 16. What is the units digit of t(1)?
7
Let y = 5697 - 2774. What is the thousands digit of y?
2
Let x(i) = -i**3 + 6*i + 8. Let d be x(-4). Let z = d - -4. What is the units digit of z?
2
Let p = 13 + 1. Suppose -3*q = -q - p. Let d(n) = -n**2 + 14*n + 2. What is the units digit of d(q)?
1
Let f(r) = r**3 - 5*r**2 - 14*r + 3. Let o be f(7). What is the tens digit of 1984/48 + (-1)/o?
4
Let q(x) = 174*x**2 + x - 2. Suppose -6 - 1 = -7*r. What is the tens digit of q(r)?
7
Suppose 22*w - 17*w - 10 = 0. What is the units digit of w/4*(1 + 31)?
6
Let w = -12 + 12. Suppose 5*j - 2*g - 13 = w, 0*j = j - 4*g + 1. Suppose 13 - 64 = -j*b. What is the tens digit of b?
1
What is the units digit of ((-27)/(-18) - (-3)/2) + 664?
7
Let m(x) = -8*x**3 + 3*x**2 + 29*x + 3. What is the hundreds digit of m(-4)?
4
Let j(t) = 294*t + 229. What is the tens digit of j(11)?
6
Let l be (27/(-18))/(1/66). Let k be (l/22)/(2/(-40)). Suppose 2*c - k = -c. What is the units digit of c?
0
Let d(u) = u**2 - 16. Let h be d(-4). Suppose h = -4*n + n + 219. What is the units digit of n?
3
Let n = 99 + -65. Suppose 5*d = -3*s + 158, 2*d + 5*s - 33 - n = 0. What is the tens digit of d?
3
Suppose -3734 = -3*o - m, 4*o - 1155 = 5*m + 3811. What is the tens digit of o?
4
Let h = -4 - -6. Suppose 101 = u - 3*a, h*u + 0*a - a = 207. What is the hundreds digit of u?
1
Let f(s) = -107*s - 324. What is the tens digit of f(-34)?
1
Let v = 49 - 46. Suppose 2*h = 2*c - v*h - 73, 5*c - 5*h = 190. What is the tens digit of c?
3
Let d(q) = -48*q + 182. Let g(f) = -19*f + 73. Let t(r) = 5*d(r) - 12*g(r). What is the hundreds digit of t(-9)?
1
Let o(n) = -131*n - 911. What is the units digit of o(-24)?
3
Let z = 0 - 0. Suppose z = 6*m - 4*m - 68. What is the units digit of m?
4
Let m(p) = 75*p**2 - 5*p + 16. What is the tens digit of m(6)?
8
Let w be -36*(-7)/2 + (-8)/(-2). Suppose 5*z = -2*g + 165, -4*z = 8*g - 6*g - w. What is the units digit of z?
5
Suppose 4*i - 2 = 38. Suppose -58 + i = -u. What is the tens digit of u?
4
Let t be (-10)/(-14)*(-7)/(-1). Let i = 9 + t. Suppose 0 = 4*u + 3*p - 109 - i, -5*p = -2*u + 55. What is the units digit of u?
0
Suppose -z - 3 = -1. Let r be 1*z/((-4)/38). Suppose o - r - 6 = 0. What is the units digit of o?
5
Suppose -j + 3 = w + 2, 0 = -2*j - w + 3. Suppose 4*l - 822 = -j*l. What is the tens digit of l?
3
Let u(x) = x**3 - 6*x + 3. Let f be u(4). Suppose i - f = 13. Let c = i + -26. What is the tens digit of c?
3
Suppose 2*b = r - 88, 4*r = 2*r. Suppose -4942 - 818 = -12*y. What is the units digit of y/22 - 8/b?
2
Suppose h - 169 = 5*i, 0*h - 5*i = 3*h - 407. Suppose 4*d - 3*u = 278, 0*d + h = 2*d + u. What is the tens digit of d?
7
Let y(a) be the first derivative of -2*a**3/3 + a**2/2 - 2*a - 8. Let t be y(-2). Let u = 19 - t. What is the units digit of u?
1
Suppose -12 = -2*d + 38. What is the units digit of d?
5
Suppose 0 = -19*h + 22*h - 8424. What is the units digit of (-52)/65 - h/(-10)?
0
Let y be ((-4)/(-10))/(5/425). Suppose -3*h + 112 = y. What is the tens digit of h?
2
Let v(n) be the first derivative of n**5/20 + 11*n**4/12 + 5*n**2 + 3*n - 4. Let a(s) be t